at is the remainder when 14 is divided by l(-10)?
6
Let n(b) = -5*b + 4. Let z be 5/((-75)/(-6)) + (-40)/(-25). Suppose z*y = -3 + 35. What is the remainder when n(-5) is divided by y?
13
Suppose -2*a + 3 + 14 = 5*f, -a + 2*f - 5 = 0. Let c(z) = 4*z - a + 8 - 7 - 16. Calculate the remainder when c(13) is divided by 13.
10
Let h = 45 - 30. Let i = 20 - h. Let n = 117 + -109. What is the remainder when n is divided by i?
3
Let s = -32 + 51. Let k = 19 - 3. Let i = 23 - k. What is the remainder when s is divided by i?
5
Let x = 0 - -7. Suppose -2*f - 286 = -28*f. Calculate the remainder when f is divided by x.
4
Let v = 0 - -2. Suppose 11 = -v*x - 9. Calculate the remainder when 17 is divided by (0 - -2)*(-45)/x.
8
Let g = 621 + -611. What is the remainder when 607 is divided by g?
7
Suppose -2*o + 3*c + 72 = -20, 5*o + 2*c - 211 = 0. What is the remainder when 286 is divided by o?
28
Suppose -4*d + 3*d - 1 = 0, -2*m + 3*d = -63. Let k(t) = -t**2 + 9*t + 20. Let n be k(11). What is the remainder when m is divided by -2 - (n + -3) - -8?
8
Suppose 2 = -2*f + 10. Suppose -3*x - 13 = -f*v - 125, 0 = -2*x + 2*v + 78. Calculate the remainder when x is divided by 24.
20
Let v(d) = d + 23. Let p be v(13). Let q = p - -12. What is the remainder when q is divided by 13?
9
Let g(j) = -35*j + 554. Calculate the remainder when g(12) is divided by 33.
2
Let r = 1700 - 1681. Calculate the remainder when 208 is divided by r.
18
Let j(w) = -1033*w**3 + w**2 - 3*w - 3. What is the remainder when j(-1) is divided by 69?
68
Let i(l) be the second derivative of 5*l**3/2 - 5*l. Let m be i(3). Suppose 0 = 5*d + m - 170. What is the remainder when 97 is divided by d?
22
Let n = 1 + 9. Let b = -86 + 125. What is the remainder when b is divided by n?
9
Let w = -161 + 176. Calculate the remainder when 85 is divided by w.
10
Suppose 0 = -238*n + 244*n - 264. What is the remainder when 2154 is divided by n?
42
What is the remainder when 337 is divided by (-6)/(1 + -7) - -9?
7
Let b(z) = 7*z**2 - 3*z - 6. Let o be 2*1/8*4*-3. Suppose 3*a - 2*a - 17 = 0. What is the remainder when b(o) is divided by a?
15
Let a = 1100 - 711. Calculate the remainder when a is divided by 13.
12
Suppose 3*o - 5*d - 16985 = -o, 2*d - 16978 = -4*o. Suppose -2518 = -3*y - 4*b, 3*b = 6*y - y - o. What is the remainder when y/66 + (-4)/(-22) is divided by 5?
3
Suppose -26*f = -27*f + 54. Suppose 0 + 8 = 2*g. Suppose 92 = 2*w + 2*l - f, -g*l - 122 = -2*w. Calculate the remainder when w is divided by 18.
15
Let k(h) = 38*h**3 + 2*h - 2. Let b be k(1). Suppose 4*s - t = 44, 5*s - 5*t + t = 66. Suppose a = b - s. What is the remainder when a is divided by 10?
8
Suppose 45*l - 1748 - 637 = 0. What is the remainder when 171 is divided by l?
12
Let c(r) = -r**3 + 4*r**2 + 6*r. Let a = -133 - -153. Calculate the remainder when a is divided by c(5).
0
Suppose 2*d = -4*q - 6, -4*d - 6 = -q - 2*d. Suppose a - 5 = q, -u - u + 4*a = 2. What is the remainder when ((-13)/2*4)/(-1) is divided by u?
8
Suppose -120 = -7*s + 2*s. Suppose a + 2*a = -4*t + 15, -5*t + 30 = 5*a. Calculate the remainder when s is divided by a.
6
Suppose -420 - 2562 = -14*a. What is the remainder when a is divided by 17?
9
Suppose -200 = 10*h - 14*h. Calculate the remainder when h is divided by 29.
21
Suppose 7*c - a + 71 = 10*c, 34 = 2*c + 4*a. Calculate the remainder when c is divided by 2.
1
Suppose 0 = 6*i - 2*i - 600. Let b = i + -85. Let l = 124 - b. What is the remainder when l is divided by 15?
14
Let z(h) = -11*h + 11. Suppose 5*f + 3*s - 142 = 76, 5*f - s - 234 = 0. Let p = f - 16. Calculate the remainder when z(-7) is divided by p.
28
Suppose 4*t + 80 = 8. Let n be (-3)/t - 75/18. Let g(p) = -p**3 - 2*p**2 + 5*p - 1. What is the remainder when 42 is divided by g(n)?
9
Let s(h) be the third derivative of 5*h**4/24 - h**3/2 + 3*h**2. Calculate the remainder when (6/6)/(((-2)/24)/(-1)) is divided by s(2).
5
Suppose 0 = 14*m - 9*m. Suppose -4*p = -3*j + 49, -j + m*p - 4*p = 5. Calculate the remainder when 32 is divided by j.
10
Let u be (-1 - 3) + 4 + 1. Suppose -2*g + u + 89 = 0. Calculate the remainder when g is divided by 16.
13
Let t = -53 - -465. What is the remainder when t is divided by 23?
21
Let v be (-1)/(1*3/708). Let u = v + 419. Let t = u + -111. Calculate the remainder when t is divided by 15.
12
Suppose -r + 9 = -v, v = -5*r + 3*r + 9. Let a = 10 - r. What is the remainder when 19*(0 + a + -1) is divided by 15?
12
Suppose 0 = -5*l + 10*l - 240. Calculate the remainder when 41 is divided by ((-5)/(-1))/(-4*(-4)/l).
11
Let s = 1 - 1. Suppose s*f = f - 3. What is the remainder when 1 - (-5 - -1 - 3) is divided by f?
2
Let s be 2 - 4/(-1 - -5). Calculate the remainder when 26 is divided by s/2*0 - -4.
2
Suppose 3*u - 2*q + 9 = 58, 5*u - 2*q = 87. What is the remainder when 60 is divided by u?
3
Let t(s) = -s**3 - 6*s**2 - 3*s + 7. Let i be t(-5). What is the remainder when 50 is divided by i*(156/(-9))/2?
24
Let o(a) = a**2 - 5. Suppose -21*s + 22*s = -4. What is the remainder when o(s) is divided by 4?
3
Calculate the remainder when 113 - (-140)/(-30)*6/7 is divided by 37.
35
Suppose -3*x + 5*x + 20 = -5*u, 0 = 4*u - 16. Let w = 24 + x. Calculate the remainder when 9 is divided by w.
1
Let a = 858 + -834. What is the remainder when 139 is divided by a?
19
Suppose 0 = 58*c - 52*c - 36. Suppose 3*m = 2*m + 23. What is the remainder when m is divided by c?
5
Let h = 85 + -63. Calculate the remainder when 88 is divided by h.
0
Let f = 456 - 246. Suppose 0 = 5*t - f + 55. What is the remainder when t is divided by 4?
3
Let q(f) = f + 8. Let u be q(-5). Suppose -u*x - 216 = -6*x. Calculate the remainder when x is divided by 25.
22
Suppose -206*s = -203*s - 42. Let m = -1 - -1. Calculate the remainder when 27 is divided by 1 + s - m/(-3).
12
Suppose 2*i = -4*r + 1752, 2*r + 4*i - 882 = -0*r. Suppose -r = -4*n - 85. What is the remainder when n is divided by 30?
28
Let v be 1506/15 + (-4)/10. Suppose -42 - 34 = -3*m + 2*f, -v = -5*m - 2*f. What is the remainder when m is divided by 5?
2
Let b(x) = 30*x**3 - 2*x**2 + 3*x - 2. Let j be b(1). Let q = j + -27. Suppose q*i + 2 = 6. Calculate the remainder when 5 is divided by i.
1
Let x = 5 + -5. Suppose -t + 4 = x, t - 634 = 4*o - 3*o. What is the remainder when (8/6)/((-12)/o) is divided by 24?
22
Let y(h) = h**3 + 9*h**2 - 11*h - 16. Let l be y(-10). Let r(x) = -32*x - 15. What is the remainder when r(l) is divided by 45?
42
Let y(z) = -35*z + 2. Suppose 4*q - f = -0*q + 59, 4*q = -2*f + 62. Calculate the remainder when y(-2) is divided by q.
12
Let i(x) = 3*x**3 - 3*x**2 - 35*x + 6. Calculate the remainder when i(6) is divided by 11.
6
Suppose -26*b = -28*b + 50. Calculate the remainder when 147 is divided by b.
22
Let d = 263 - 231. Let w(f) = -3*f**3 - 3*f + 3. Let c be w(2). Calculate the remainder when d is divided by (c/15)/(2/(-10)).
5
Let k = 4 - 2. Let b = k - 0. Suppose 6*h - b*h - 24 = 0. What is the remainder when h is divided by 3?
0
Let f(t) be the second derivative of -t**3 + 5*t**2 + 16*t. What is the remainder when 100 is divided by f(-7)?
48
Let s(p) = -1. Let u(a) = -2*a**2 + a + 4. Let x(d) = -5*s(d) - u(d). Let h be x(1). Suppose 0 = h*j - 10 + 2. Calculate the remainder when 5 is divided by j.
1
Suppose -2*s + 89 = -19. Suppose 2*t - 4*u = 26, 0 = 14*t - 9*t + 4*u - 107. Calculate the remainder when s is divided by t.
16
Let o = 62 - -18. What is the remainder when o is divided by 41?
39
Let y = -142 + 207. Suppose -4*z = z - y. Suppose p - 3*f = 40, -3*p + 3*f + 138 = -0*p. What is the remainder when p is divided by z?
10
Let w = 882 + -771. What is the remainder when 440 is divided by w?
107
Let o = 1283 + -1244. Calculate the remainder when o is divided by 26.
13
Let o = -871 + 802. Let g(v) = -11*v**2 + 1. Let b be g(-3). Let c = o - b. What is the remainder when c is divided by 8?
5
Suppose r - 43 - 17 = k, -4*r + 249 = -k. Let o be (0 + 2)*1*(2 - 1). What is the remainder when r is divided by 23/o*(8 - 6)?
17
Let h = 171 - 75. What is the remainder when h is divided by 17?
11
Let a = -8 - -46. Suppose 3*f + 11 = a. What is the remainder when 34 is divided by f?
7
Suppose -25*o + 84 = -18*o. Calculate the remainder when 52 is divided by o.
4
Let p = 15